 of 343 and 35?
7
Calculate the greatest common divisor of 181 and 19367.
181
Calculate the greatest common divisor of 25 and 35.
5
Calculate the highest common factor of 688 and 48.
16
What is the highest common divisor of 2 and 486?
2
Calculate the highest common divisor of 21 and 6.
3
Calculate the greatest common factor of 7387 and 89.
89
Calculate the highest common divisor of 559 and 344.
43
Calculate the greatest common divisor of 12 and 84.
12
Calculate the highest common divisor of 36 and 126.
18
What is the highest common divisor of 12 and 108?
12
Calculate the highest common divisor of 210 and 12460.
70
What is the greatest common divisor of 459 and 51?
51
Calculate the greatest common divisor of 79 and 1580.
79
Calculate the highest common factor of 216 and 90.
18
Calculate the highest common factor of 4905 and 218.
109
Calculate the highest common factor of 2275 and 39.
13
Calculate the highest common factor of 102 and 4029.
51
What is the greatest common divisor of 133 and 551?
19
What is the highest common factor of 2970 and 6210?
270
Calculate the highest common factor of 6420 and 300.
60
Calculate the highest common factor of 242 and 33.
11
What is the greatest common factor of 1271 and 341?
31
Calculate the highest common factor of 10096 and 48.
16
Calculate the highest common factor of 290 and 174.
58
What is the greatest common divisor of 72 and 40?
8
Calculate the greatest common divisor of 621 and 23.
23
Calculate the highest common factor of 1014 and 234.
78
Calculate the highest common factor of 36 and 261.
9
What is the highest common factor of 2656 and 992?
32
What is the greatest common factor of 2 and 128?
2
What is the greatest common factor of 12 and 108?
12
Calculate the highest common divisor of 8080 and 240.
80
Calculate the highest common divisor of 148 and 4.
4
What is the highest common factor of 1141 and 14?
7
Calculate the highest common factor of 40 and 596.
4
What is the greatest common divisor of 17 and 153?
17
Calculate the greatest common divisor of 4048 and 66.
22
What is the greatest common factor of 1780 and 20?
20
What is the greatest common factor of 89 and 712?
89
Calculate the greatest common factor of 12582 and 216.
54
Calculate the greatest common divisor of 349 and 28269.
349
What is the greatest common divisor of 45 and 515?
5
Calculate the greatest common divisor of 506 and 55.
11
Calculate the greatest common divisor of 385 and 1485.
55
Calculate the greatest common divisor of 350 and 245.
35
Calculate the highest common divisor of 6 and 159.
3
What is the greatest common factor of 494 and 5681?
247
What is the highest common factor of 7209 and 445?
89
What is the highest common factor of 3225 and 825?
75
What is the greatest common divisor of 714 and 510?
102
Calculate the highest common factor of 8112 and 32.
16
What is the highest common factor of 20 and 370?
10
Calculate the greatest common factor of 357 and 34.
17
Calculate the highest common divisor of 371 and 7.
7
What is the greatest common factor of 81 and 18?
9
Calculate the greatest common divisor of 76 and 114.
38
Calculate the greatest common factor of 232 and 8.
8
Calculate the highest common divisor of 33 and 3.
3
What is the greatest common factor of 151 and 9664?
151
Calculate the highest common divisor of 3315 and 78.
39
Calculate the highest common divisor of 966 and 84.
42
Calculate the highest common divisor of 19 and 589.
19
What is the highest common factor of 649 and 177?
59
Calculate the highest common divisor of 490 and 196.
98
Calculate the greatest common factor of 204 and 8.
4
What is the greatest common factor of 60 and 120?
60
Calculate the highest common divisor of 26 and 78.
26
Calculate the greatest common factor of 574 and 738.
82
What is the highest common divisor of 288 and 8864?
32
What is the greatest common divisor of 1980 and 33?
33
Calculate the greatest common factor of 34808 and 38.
38
What is the highest common divisor of 90 and 120?
30
Calculate the greatest common divisor of 51 and 3434.
17
What is the highest common factor of 50 and 275?
25
Calculate the greatest common divisor of 29665 and 85.
85
Calculate the greatest common factor of 3834 and 6.
6
What is the highest common factor of 1242 and 108?
54
Calculate the highest common factor of 189 and 18.
9
What is the greatest common factor of 7662 and 18?
6
What is the highest common factor of 75 and 7825?
25
Calculate the greatest common factor of 40 and 3860.
20
Calculate the greatest common factor of 1261 and 143.
13
Calculate the highest common divisor of 69 and 1104.
69
What is the highest common factor of 126 and 102?
6
Calculate the highest common factor of 924 and 294.
42
Calculate the highest common factor of 172 and 1462.
86
Calculate the greatest common factor of 744 and 1767.
93
Calculate the highest common factor of 451 and 984.
41
What is the greatest common factor of 942 and 18?
6
Calculate the highest common divisor of 4872 and 6.
6
Calculate the greatest common divisor of 15 and 4705.
5
Calculate the greatest common divisor of 11822 and 46.
46
What is the highest common divisor of 117 and 13?
13
Calculate the highest common factor of 10825 and 25.
25
Calculate the greatest common divisor of 48 and 256.
16
Calculate the greatest common divisor of 458 and 7.
1
Calculate the greatest common divisor of 35 and 3395.
35
What is the greatest common factor of 7 and 77?
7
What is the highest common divisor of 276 and 90?
6
Calculate the highest common divisor of 1587 and 276.
69
What is the greatest common divisor of 21969 and 18?
9
What is the highest common factor of 16 and 304?
16
Calculate the highest common divisor of 320 and 256.
64
Calculate the highest common factor of 759 and 552.
69
Calculate the highest common divisor of 1587 and 483.
69
What is the highest common factor of 15 and 6?
3
What is the greatest common factor of 609 and 399?
21
What is the highest common divisor of 68 and 153?
17
Calculate the highest common factor of 72 and 13704.
24
Calculate the highest common factor of 107226 and 138.
138
What is the highest common factor of 12 and 652?
4
Calculate the greatest common divisor of 90 and 470.
10
Calculate the highest common divisor of 2172 and 36.
12
Calculate the highest common factor of 248 and 31.
31
What is the highest common factor of 101 and 1717?
101
Calculate the greatest common divisor of 4418 and 846.
94
What is the highest common factor of 190 and 110?
10
What is the greatest common factor of 15 and 111?
3
Calculate the greatest common factor of 385 and 245.
35
What is the greatest common divisor of 1760 and 90?
10
What is the highest common factor of 56 and 3948?
28
Calculate the greatest common factor of 132 and 297.
33
Calculate the greatest common factor of 7 and 2443.
7
Calculate the greatest common factor of 31 and 93.
31
Calculate the highest common divisor of 362 and 18824.
362
What is the greatest common divisor of 13 and 4836?
13
What is the greatest common divisor of 246 and 1271?
41
What is the greatest common factor of 128 and 32?
32
What is the highest common factor of 80 and 5?
5
Calculate the highest common factor of 1054 and 62.
62
What is the greatest common factor of 99 and 22?
11
Calculate the highest common divisor of 41 and 15908.
41
Calculate the greatest common divisor of 94 and 893.
47
What is the greatest common divisor of 1750 and 490?
70
What is the highest common divisor of 7560 and 70?
70
Calculate the greatest common factor of 45 and 200.
5
Calculate the greatest common factor of 27 and 7.
1
What is the highest common factor of 24 and 600?
24
Calculate the highest common factor of 790 and 10.
10
What is the highest common divisor of 81 and 108?
27
Calculate the highest common factor of 464 and 16.
16
What is the highest common divisor of 7 and 399?
7
What is the greatest common factor of 121 and 33?
11
What is the highest common divisor of 21 and 15603?
21
Calculate the highest common factor of 60 and 40.
20
Calculate the greatest common divisor of 2910 and 105.
15
What is the greatest common factor of 1422 and 18?
18
Calculate the greatest common divisor of 200 and 1700.
100
What is the greatest common divisor of 12024 and 144?
72
What is the highest common divis